= 84 - g. Is x a prime number?
False
Suppose 7*t - 3*t = -2*m + 24, 5*t = -2*m + 29. Let k be 30/8 + 3/12. Suppose k*y + m = 5*y. Is y composite?
False
Is (-2 - 348/(-8))*38 prime?
False
Suppose 0*g - 22 = -2*g + 5*s, -4*s - 14 = 2*g. Let l be g + ((-2)/(-2) - -313). Suppose 5*k - 120 = l. Is k a composite number?
True
Let j = -932 + 1650. Is j prime?
False
Let t = 3046 + -2167. Is t a composite number?
True
Let c(b) = -b**2 + 7*b + 1. Let t be c(6). Let h(v) = v**2 - 6*v - 3. Let a be h(t). Is (81 - -2) + a + -2 prime?
False
Suppose 11*o + 6537 = 14*o. Is o composite?
False
Suppose y = -3*y + 12. Suppose c - z + 1 = 2*c, y*c + z = -7. Is (-154)/(-8) + 1/c a composite number?
False
Is (-1884)/(-32) + 4/32 prime?
True
Let w(g) be the second derivative of 5*g**4/12 - 2*g**3/3 - g**2/2 - 2*g. Let a be w(5). Let c = a + -51. Is c composite?
False
Suppose 0 = -0*c - 3*c - 24. Let f = c + 25. Let a = f + -11. Is a a prime number?
False
Let v be 2/8*(6 + -2). Is (-106)/(v - (-2 - -5)) a composite number?
False
Suppose 3*a + 2*a = -10. Is 0/(a + 1) - -89 composite?
False
Let l(m) = -11*m - 4. Suppose -3*q - 3 + 9 = 0. Suppose -3*s + 5 = 5*o - 5, q*s = -5*o + 15. Is l(s) a composite number?
True
Is ((-370)/15)/((-2)/3) a prime number?
True
Suppose -3*a + 9 = -0*a. Suppose -52 = -5*j + a. Is j a composite number?
False
Suppose 93 = -u + 400. Is u a composite number?
False
Let d(f) = f**2 + f + 1. Let z(o) = 2*o**2 + 3*o + 9. Let m(g) = 6*d(g) - z(g). Let l(q) = -q**2 - q. Let c(p) = 3*l(p) + m(p). Is c(-6) a prime number?
False
Suppose 146*r = 150*r - 6524. Is r prime?
False
Let o be -2*(0 - 1/2). Is (85 - 0/(-1))*o a prime number?
False
Let j(r) = r**2 + 5*r - 10. Let u be j(-7). Suppose 8 = u*k - 5*q, -k = -q - 0*q - 3. Is k prime?
True
Let g = 4 - -3. Suppose 5*o - g = 8. Suppose 0 = o*b - 160 - 14. Is b prime?
False
Is (3021/2 + -4)*4/2 a prime number?
False
Let w(j) = -8*j**3 + 3*j**2 + 7*j - 9. Is w(-4) a composite number?
False
Let t be 9/18 - (-1)/(-2). Let l(c) = -3*c. Let f be l(-2). Suppose -p + f = -t*p. Is p a prime number?
False
Let n(g) = -g**3 + 11*g**2 + 5*g + 1. Is n(6) composite?
False
Suppose 3*h = 6*h - 21. Suppose 4*i + 117 = h*i. Is i composite?
True
Let s = 27 + -58. Let q = 128 + s. Is q composite?
False
Suppose 4*b = 0, -2*b - 8716 = -2*x - 0*b. Is x composite?
True
Let j(w) be the third derivative of -5*w**4/12 - 4*w**3/3 - w**2. Let b be j(-7). Suppose p + b = 3*p. Is p composite?
False
Suppose -3*o + 0*o = -2*i + 688, 2*i - 5*o - 692 = 0. Suppose -i = -2*b + 5*f, 15 = -8*f + 3*f. Is b prime?
True
Is 785/(-3 - (-7 - -3)) a prime number?
False
Suppose -l - 2876 = -5*l. Is l a composite number?
False
Suppose 2*f - 6*c = -2*c + 738, -5*f = 4*c - 1901. Is f a composite number?
True
Let j = -286 - -424. Let k(t) = -29*t - 7. Let b be k(-5). Suppose 3*y - j = 4*p, -y - b = -4*y - 5*p. Is y composite?
True
Let c(g) = -g**3 + 2*g**2 + 2*g - 4. Let i = 7 - 12. Is c(i) a composite number?
True
Suppose 11*s - 4*s - 7609 = 0. Is s a composite number?
False
Suppose -5*a + 2*u + 184 = 0, u + 32 = a - u. Let i = a - 27. Is i composite?
False
Let s = 76 - -535. Is s a composite number?
True
Let t = -178 + 813. Is t a composite number?
True
Let z(i) = -i**3 - 2*i**2 - 11*i - 6. Let s be z(-5). Suppose 15 + s = y. Is y composite?
False
Let y(p) = -p**3 + 10*p**2 - 13*p + 12. Let a be y(8). Suppose -b + a + 17 = 0. Is b prime?
True
Suppose 566 = 5*s - l, -340 = -3*s - l + 2*l. Is s a composite number?
False
Let z(o) = -173*o**2 + 3. Let x(k) = 87*k**2 - 2. Let n(u) = -5*x(u) - 3*z(u). Is n(-1) a composite number?
True
Is (-66)/(-9)*(-9)/(-6) a composite number?
False
Let s = -20 - 7. Let r = s - -78. Is r a prime number?
False
Let f(u) = 19*u**3 + u**2 - u + 1. Let y be f(1). Suppose -2*v - 3*v + y = 0. Suppose 0*i + 3*i = v*c + 249, -2*i + 173 = -5*c. Is i composite?
False
Let y(q) = 14*q**2 + 2*q - 3. Let r be y(2). Let c = r + 28. Is c composite?
True
Let o be ((-21)/(-12))/(1/(-28)). Suppose 71 = k - 0*k. Let u = o + k. Is u a composite number?
True
Let r(u) = -2*u**3 - 6*u**2 + 4*u + 6. Let j = 6 - 12. Let s be r(j). Suppose 4*t + 50 - s = 0. Is t a prime number?
True
Suppose -u + 3*u - 386 = 0. Suppose -u + 53 = -5*t. Suppose 5*s - t = 42. Is s a composite number?
True
Suppose 9 = 3*j - 12. Let s be 6/(-5)*(-20)/6. Let c = j - s. Is c composite?
False
Suppose 2*a = i - 1209 - 1096, i + 4*a = 2317. Is i prime?
True
Let r be ((-387)/18)/((-2)/12). Suppose -5*u - 5*j = -250, 0*j + r = 3*u - 4*j. Is u a prime number?
True
Is ((-127740)/(-24))/(1/2) a composite number?
True
Suppose -2*w + 9 = -m + 3*w, -4*w - 9 = m. Let r(j) be the first derivative of -2*j**2 - 13*j + 1. Is r(m) prime?
True
Suppose r + 0 = 2. Is (-1 + -96)/(r + -3) prime?
True
Suppose -3*l = 6*l - 15129. Is l a prime number?
False
Let g(l) = -16*l**3 + 6*l**2 + 3*l + 24. Is g(-5) prime?
False
Let u be (-10)/6 + (-18)/(-27). Is 83 - 0*u/2 a prime number?
True
Let d = -518 - -850. Suppose -j = -6 + 3. Suppose 5*i + 176 + 275 = 4*g, -j*g = -5*i - d. Is g prime?
False
Let t be (-5)/10 - 9/(-2). Suppose 37 - t = x. Is x prime?
False
Let v be 8/(-3)*48/(-4). Suppose 13 = 3*c - v. Is c composite?
True
Let x = 4218 - -353. Is x a prime number?
False
Suppose 0 = 3*f - 2968 + 931. Is f prime?
False
Let c(u) be the first derivative of u**4/4 + 5*u**3/3 - 5*u**2/2 + 8*u + 1. Let k be c(-6). Suppose 9 = k*x - 101. Is x prime?
False
Suppose -3*p = -6*p + 408. Suppose -3*h + 125 + p = 0. Is h composite?
True
Let i(j) = 21*j - 1. Let l be i(-5). Let z = -39 - l. Is z a prime number?
True
Suppose 5*n + 26 = -2*i, 0 = -0*i - 2*i - n - 10. Let c be 4/3*i/(-2). Suppose 2*x = x + c*v + 119, 4*x = -3*v + 443. Is x a composite number?
False
Let w(p) = 3*p. Let d(f) = -f - 4. Let y be d(-5). Let x = 2 - y. Is w(x) a composite number?
False
Suppose -5*d = 4 + 6. Is 1*(d - -4 - -87) prime?
True
Let n(j) = 9*j**2 - 2. Let a be n(-3). Let f be 2*22*(-1 - 0). Let g = f + a. Is g a composite number?
True
Suppose -3*j + 39 = 3*z, 0*j - 2*j - 3*z = -28. Let t = j - -8. Is t composite?
False
Is 14*(-4 - 605/(-10)) a composite number?
True
Let h be 10*(10/4)/(-5). Let p(f) = 5*f**2 - 7 + 6*f**3 - 4*f - f**3 - 4*f**3. Is p(h) composite?
False
Let l = -1594 + 2297. Is l composite?
True
Suppose -4*j = -0*j - l - 4161, 5*l - 4131 = -4*j. Is j prime?
True
Suppose 0 = -3*d - 4*k - 6, 0 = 2*k - 7*k - 15. Suppose -5*j - 382 = -d*b, 4*b - 433 = -5*j + 331. Is b a prime number?
True
Is (-6384)/(-9) + 1/(-3) composite?
False
Suppose -4*h = -2*d + 2374, -2*d + 4796 = 2*d + 4*h. Is d composite?
True
Let w be (-18)/(-3) + 21/(-7). Let g(j) = 10*j**2 - 2*j + 3. Is g(w) prime?
False
Suppose 0 = j + 4*j. Let q(t) = t. Let z(w) = w**2 - 2*w + 11. Let l(k) = 2*q(k) + z(k). Is l(j) a prime number?
True
Let m = -2 - 0. Let b be (-21)/m + (-1)/2. Is (-1 - 1)*(-175)/b a prime number?
False
Let v = -1970 + 934. Let w = -593 - v. Is w prime?
True
Let b be -2 + 2 + 2 + -2. Let f = -2 - b. Is f/(-9) - (-845)/45 a composite number?
False
Suppose -7*f + 3*f + 112 = 0. Suppose 3*v - q = 181, v - f - 51 = 5*q. Is v a composite number?
False
Let k(a) = -6*a - 2. Let w = -11 - -19. Suppose -7*l - w = -3*l. Is k(l) prime?
False
Let x be 27/4 + (-4)/(-16). Let s(n) = 69*n - 7. Let f be s(x). Is f/36 - (-2)/(-9) a prime number?
True
Let l(x) = x + 2. Let t be l(0). Suppose 1630 = -0*s + t*s. Is s a composite number?
True
Let l(s) be the first derivative of -10*s**2 + s + 4. Is l(-1) prime?
False
Let q = -179 + 46. Let n = -80 - q. Is n a composite number?
False
Let b(t) = 20*t**3 - 2*t**2 + 3*t + 2. Is b(3) prime?
False
Let b(c) = -1440*c + 17. Is b(-6) prime?
False
Let h = 1 + -3. Let o be (-11)/((-1 - h)/(-1)). Suppose -p + 12 = v - o, -p - 72 = -4*v. Is v a prime number?
True
Suppose -3*g + 5*g = 0. Suppose -4*y + 45 - 1 = g. Is y prime?
True
Let g(v) = 12*v + 4. Let s be g(3). Let n = s + -25. Is n composite?
True
Let s(b) = -2*b + 5*b**2 + 8*b - 5*b. Let v be s(-1). Let i(r) = 4*r**2 - 2*r - 3. Is i(v) a composite number?
False
Let b be -2 - 5/(-1) - 438. Let q = b - -640. Is (q - (3 - 2)) + -3 a prime number?
False
Let f = 16 + -32. Let o = f - -10. Is ((-100)/o)/(10/15) a composite number?
True
Let t be 5/(-4)*2*4. Let y be (-1)/(t/(